. Suppose -5*n - 10 = 0, -4*k = -0*k + 5*n + 22. Let w be -6 + (-3)/(-1) + k. Is o(w) a prime number?
False
Let g(q) = -4041*q + 56. Is g(-7) a prime number?
False
Let p = 3530 - 753. Is p composite?
False
Suppose 0 = 9*b - 10*b + p + 6199, 5*p = 3*b - 18601. Is b composite?
False
Suppose 4*u - 1610 = 5*q, -351 = 5*q - 3*u + 1264. Let f = -35 - q. Is f a prime number?
False
Suppose 5*p = p + 4668. Suppose -3*t - p = -6*t. Is t a prime number?
True
Is ((-12)/(-24))/(546460/182152 + -3) composite?
False
Suppose 25 = 4*k + 5, 8627 = 4*m + 3*k. Is m composite?
False
Let m(w) = -26 + w**2 - 2*w + 0*w + 12*w. Is m(-18) composite?
True
Is (1 + -2700)*(4 + -3 + -2) prime?
True
Suppose 3*g - 4*g - 1 = -o, -2*o - 5*g + 30 = 0. Suppose 0 = -w + i + 561, 3*i = -o*w - 664 + 3501. Is w a prime number?
False
Let s = 2081 - 683. Suppose 0 = 2*l + 4*t - s, -5*l + 6*t + 3523 = 2*t. Is l composite?
True
Let t be 7*(6/14 + 1). Suppose 2*h = -o + 3*o - t, o = 5*h + 9. Suppose 3*c = a + c - 75, -o = -4*c. Is a composite?
True
Suppose -3*v - 8 = 2*p - 3*p, p + 2 = -2*v. Suppose -p*w = -2569 - 709. Is w composite?
True
Let u be (-3)/(-9)*9 + -1. Suppose 459 = i + u*i. Let n = -34 + i. Is n composite?
True
Suppose 13*s - 16*s - 24 = 0. Let y be 9/3 + s/1. Let w(k) = -151*k - 12. Is w(y) a prime number?
True
Suppose p - 16110 = -5*s, -14147 + 1243 = -4*s - 4*p. Is s a prime number?
True
Let t be ((-2)/3)/(2/(-273)). Suppose t = -a - 5*m, -5*a = -2*m + 71 + 330. Let i = 139 + a. Is i a composite number?
True
Let d(i) = i**3 + 9*i**2 - i - 7. Let x be d(-9). Suppose 3*z = -x*z. Suppose z = 4*n - 2*n - 662. Is n composite?
False
Is ((-574630)/(-105))/((-2)/(-3)) prime?
True
Suppose -3*h + 59*q = 56*q - 164427, -54817 = -h - 3*q. Is h composite?
True
Let z = -12 - -20. Suppose -4*w + 438 = -3*w - 4*n, -4*n + z = 0. Is w composite?
True
Let u = 7 - 7. Suppose 0 = 2*w - 2*a, -a - 12 = -4*w - u*w. Let i(o) = o**2 + 4*o + 1. Is i(w) a composite number?
True
Is 8/24 + 1/((-3)/(-7490)) prime?
False
Let h be (16/12 + -1)*(14 + 1). Is (326 + h)/((-2)/(-4)) prime?
False
Let d = -34 + 40. Suppose 0 = -3*a + 15, -d + 411 = 5*u + 4*a. Is u composite?
True
Let m = -27 + 42. Suppose -m*r + 17*r - 158 = 0. Is r a composite number?
False
Let m(d) = 16*d**3 - d**2 - 8*d - 5. Let y be m(-3). Let z = y - -867. Is z a prime number?
False
Let r(z) = -4*z + 4*z - 7*z. Suppose -2*o - 3*o = 5. Is r(o) composite?
False
Let n = 666 + 1375. Is n composite?
True
Suppose 4*d + i - 28653 = 0, 5*d + i - 34502 = 1313. Is d composite?
True
Let k(m) = -143*m**3 + 7*m**2 + 35*m + 3. Is k(-4) prime?
True
Let t(a) = 6*a**3 - 2*a**2 + 2*a - 5. Let l = 24 - 19. Suppose -h + 4 = -l*v, h + h - 4*v = 8. Is t(h) a prime number?
False
Let p = 82837 + -30476. Is p prime?
True
Is 16871/(-3)*(-114)/38 prime?
True
Let l = -3413 + 6589. Suppose 3*z - l = -z. Is z composite?
True
Suppose -2*y = -3*t + 8121, 0 = -14*y + 13*y. Is t a prime number?
True
Is 1 + (-130418)/(-13) - 174/1131 a prime number?
False
Suppose -3*u + 2*u = 0. Suppose -3*b + 0*b - 4*a + 21 = 0, b + 3*a - 12 = u. Is 340 - (-3 + (b - -1)) prime?
False
Suppose 681*w - 686*w = -103985. Is w composite?
True
Let l(z) = -8 + 6 - 2*z + z**2 + 11. Suppose 0 = 8*c - 3*c + 40. Is l(c) prime?
True
Let n be 3 + 3/6*-10. Is (-74)/(-6 - (n - 2)) a composite number?
False
Let m be 1/(-3) + (-22176)/(-27). Let p = m - 364. Is p prime?
True
Let o(j) = -j**3 + j**2 - 2*j. Let d be o(2). Let k be (-3 - 20/d)*-726. Let r = -197 + k. Is r composite?
True
Let n = 1 + 263. Suppose 181 + n = 5*z. Is z a composite number?
False
Suppose 15 = -13*y + 16*y. Suppose -4*a + 12 = 0, -2*i + y*a = -i - 124. Is i prime?
True
Let l(x) = 16366*x + 73. Is l(1) composite?
True
Suppose -3653 = -5*u + k + 2562, k - 2486 = -2*u. Is u a composite number?
True
Suppose 0 = t + 7 - 12. Let w be 2/(2/1401) - -1. Suppose 63 = t*y - w. Is y composite?
False
Suppose -7*r = -4*r - 246. Suppose 871 = 3*h + r. Is h a composite number?
False
Suppose 0 = 21*y - 47*y + 12662. Is y prime?
True
Let d(o) = -o**2 - 11*o + 16. Let x be d(-12). Suppose 5*z = -2*c + 2*z + 7, -4*c + 12 = 4*z. Suppose -489 = 2*w - 5*w + c*f, w = -x*f + 149. Is w prime?
False
Suppose 5*b = 3*s + 50044, -7*s = -4*b - 8*s + 40025. Is b prime?
True
Let d = -2430 - -3450. Suppose -d = -t + 242. Is t a prime number?
False
Let c be -2 - 32/(-14) - 27952/28. Let p = 1555 + c. Is p prime?
True
Let d(j) = j**2 - 7*j + 641. Is d(0) prime?
True
Let w(r) = -r + 2. Let c be w(-13). Suppose -12*d - 6 = -c*d. Is d - ((-3)/1 + -2) prime?
True
Let s = -30 - -35. Suppose s*x + 5*k - 5 = 0, 4*k - 5 = -1. Suppose x*i - 205 = -i. Is i a prime number?
False
Is 49161/8 - (-97)/(-776) a prime number?
False
Let g(u) = -u**2 + 3*u. Let x be g(2). Suppose -2*c + 221 = 3*l - 161, 0 = -3*c + x*l + 573. Is c prime?
True
Suppose 0 = 3*o - 7*o + 6512. Suppose -7*u + 11*u = o. Is u a prime number?
False
Suppose -3*p = p - 136. Let y be 11/(2*1/p). Suppose h - 392 = -3*h + 4*m, y = 2*h + m. Is h a composite number?
True
Let j = 68489 + -45940. Is j a prime number?
True
Let a be -11*3*(-86)/6. Suppose 151 - a = -2*g. Is g a prime number?
False
Let p(z) = -2049*z**2 + 2044*z**2 - 3*z - 2*z**3 - 9 - 2*z**3. Is p(-4) a prime number?
True
Let w(k) = -7*k**3 - 6*k**2 + 6*k - 15. Is w(-8) a prime number?
True
Let b = -124 + 595. Let y(a) = -a + 146. Let o be y(0). Suppose -b = -5*c - o. Is c prime?
False
Let y(m) = m**3 + 6*m**2 - 6. Let f(g) be the third derivative of -g**6/120 + g**5/60 + g**4/6 + g**3/6 - 4*g**2. Let z be f(3). Is y(z) a composite number?
False
Suppose -4*b = d - 16527, 4*d = -7*b + 12*b - 20685. Is b composite?
False
Let k = 11 + -18. Let f = -5 - k. Is f/(-12) - (-37)/6 a prime number?
False
Suppose 2*r - 18 = -2*q, r + r = 2*q - 22. Suppose -8*o = -3*o - q. Suppose -o*j + 1055 = 3*j. Is j composite?
False
Let x be ((-33)/(-2))/((-7)/350). Let l = -2367 - x. Is ((-2)/(-3))/((-4)/l) a prime number?
True
Let l(n) = -1478*n + 8. Let k be l(-4). Suppose 3*j - 4433 = -5*g, -j - 2*g + k = 3*j. Is j composite?
False
Let j(v) be the first derivative of 73*v**3/3 + v**2 - 3*v + 11. Is j(2) a composite number?
False
Suppose m + 1819 = -0*v + 3*v, -2*m + 2412 = 4*v. Suppose 0 = -g + 2*g + 3*f - 216, 4*g + 5*f = 850. Let i = v - g. Is i a composite number?
True
Let z = 284702 + -201869. Is z composite?
True
Let k = 8538 - 2587. Is k a prime number?
False
Suppose 2*g - 4206 = -136. Let i = -901 + g. Let d = i + -737. Is d composite?
False
Suppose 5 = r - 5. Suppose -11*l = -r*l - 1399. Is l prime?
True
Let c(h) = h**3 + 4*h**2 + 4*h. Suppose 5*j + 4 + 7 = -w, 3*j = -4*w + 7. Let f be c(j). Is (-54)/f - (-4 + 3) a prime number?
True
Let q = -326 + 1363. Is q a prime number?
False
Let q be 6/(-1)*19/(-57). Suppose 4*r = p - q*p + 15177, 0 = -5*r + p + 18960. Is r prime?
True
Suppose -8*d + 6*d + 13964 = 4*j, -2*j + 5*d + 7006 = 0. Is j composite?
True
Let c = -58427 + 85054. Is c prime?
True
Let a(h) = -h**3 - 4*h**2 - 5*h - 6. Let c be a(-3). Suppose 3*p - 271 = -5*w, c = -w + 2*w - 3*p - 47. Is w composite?
False
Let n = -119 - -189. Let a be 0 - (-1 + -1 + -291). Let q = a - n. Is q prime?
True
Let c be (1 - 2) + -2 + 3. Let z = -105 + 365. Suppose c = -g + z - 55. Is g prime?
False
Let x be (-17 + 10)*(-2)/14. Suppose -3*s = -11 - x. Suppose -4432 = -s*w - 564. Is w a composite number?
False
Let z = 1019 - 1022. Let p(f) be the second derivative of -3*f**5/4 + f**4/6 + 5*f**3/6 + 3*f**2/2 + f. Is p(z) prime?
False
Let a(w) be the first derivative of 506*w**2 - w + 9. Is a(3) a composite number?
True
Let s = -617 - -218. Let g = s + 754. Is g a composite number?
True
Suppose h + 2161 = 3*x, 0*h - 3579 = -5*x - 4*h. Is x a composite number?
False
Let a be 530 - 3/(-2)*4/(-6). Let n = a + 280. Is n prime?
True
Let g(u) = -29 - 10*u - 14*u + u - 2*u. Is g(-16) prime?
False
Let m(f) = f**3 + 9*f**2 - f + 1. Let x be (-4)/6 - (-666)/27. Suppose 6*q = 2*q - x. Is m(q) a prime number?
False
Let u(y) = y**3 + 9*y**2 + 6*y - 11. Let p be u(-8). Let s be 168/44 + (-4)/(-22). Suppose p*x + 992 = -2*t + 5*t, 0 = 4*x + s. Is t a prime number?
False
Let i(j) = -j**3 - 13*j**2 + 12*j - 33. Let g be i(-14). Is 2*g/10 - -218 a prime number?
False
Let h(g) = 18*g**2 - 48*g + 95